common divisor of c and g.
2
Let a be 1*(-10)/(-2) + (-20)/10. Calculate the greatest common divisor of 7 and a.
1
Let n = -138 + 158. Let h be 1 - (-1)/(3 + -2). Suppose -h*w = -22 + 2. Calculate the greatest common divisor of n and w.
10
Let b = -1139 - -1168. What is the greatest common factor of b and 203?
29
Let s = 481 + -283. Suppose -s = -z + 22. What is the greatest common divisor of 20 and z?
20
Let b be (2/(-3))/((-8)/84). Suppose -b*k + 8 = -6*k. What is the greatest common factor of 184 and k?
8
Let o = -84 - -89. Suppose z = -0 + 8. Suppose -5*w + 2*u = -25, -z = -w + o*u - 4*u. What is the greatest common divisor of w and 9?
3
Let u be 1/((-18)/(-2250)) - (1 - 1). What is the highest common divisor of u and 675?
25
Let n(j) = j**3 - 14*j**2 + 47*j + 7. Let m be n(14). Calculate the greatest common divisor of m and 7.
7
Let f = 25 - 17. Let l(n) = 4*n**2 + n - 2. Let i be l(-2). What is the greatest common factor of i and f?
4
Suppose 4*f = -5*i - f + 20, -f = -2. Suppose -i*t - 36 = -4*t. What is the highest common factor of t and 72?
18
Suppose 152043 - 58795 = 32*l. Calculate the greatest common factor of 31 and l.
31
Let b be (-5 - -5)/13 + 3973. What is the greatest common factor of b and 29?
29
Let k(x) = -x**3 - 19*x**2 - 7*x - 7. Let f be k(-19). Suppose j = 4*j - f. Calculate the greatest common factor of j and 21.
21
Suppose -b - 13 = d, 2*d - 3*b + 11 = -2*b. Let p = d + 12. Calculate the highest common factor of p and 20.
4
Suppose 238*v - 433*v = -8775. Suppose 5*l - 125 = -35. What is the highest common divisor of v and l?
9
Suppose -7 + 15 = -2*x. Let i be x*((-3)/12*11 + 2). What is the greatest common factor of i and 4?
1
Suppose -j = 4*j - 45. Let i(y) = 2*y - y**3 - 5 - 3 - 2 + j*y**2. Let m be i(9). What is the highest common divisor of m and 72?
8
Let h(z) = -62*z - 4. Let v be h(-2). Suppose 0 = -4*j - 4*w + 102 - 26, 5*j - 3*w - 63 = 0. What is the greatest common divisor of v and j?
15
Suppose 2*a + q - 30 = 0, -2*a + 22 = 2*q - 8. Suppose 5*f - a = 2*f. Let s = -6 + 11. What is the highest common divisor of s and f?
5
Let b(n) = 21*n**2 - 7*n + 9. Let u be b(2). Suppose -a + u = -141. Calculate the greatest common factor of a and 20.
20
Suppose -i + 3*i - 244 = -3*f, -5*i + 90 = f. Let j be 3/2*8/6. Suppose -j*g - 10 = -42. What is the highest common divisor of g and f?
16
Let n be (10 - (0 + 6))/(4/22). Let v = n - 13. What is the greatest common divisor of v and 6?
3
Let k(f) = -f**3 + f**2 - 2*f. Let t = 27 - 29. Let o be k(t). Calculate the highest common factor of 40 and o.
8
Let w = -7 - -31. Calculate the highest common factor of w and 84.
12
Let h be (0 + 1)*1 - -8. Suppose -16*b = -10*b - 162. What is the highest common divisor of b and h?
9
Suppose -5*n - 4 = -h, -5*h + n + 26 + 18 = 0. Suppose -4*i + 62 = -p + 6*p, 3*i + 5*p - 44 = 0. Calculate the highest common divisor of i and h.
9
Suppose 8*f = 31*f - 69. Calculate the highest common divisor of 19 and f.
1
Let x = -26 + 13. Let l = x + 10. Let v be l + 8/(-3 - -4). Calculate the greatest common divisor of v and 25.
5
Suppose -2*i + 60 = 8*y - 11*y, 129 = 5*i + 3*y. What is the highest common factor of i and 189?
27
Let b(u) = -4*u**2 + 0 - 3*u + u**3 + 14*u**2 + 9. Let k be b(-9). Calculate the highest common divisor of 13 and k.
13
Let a(y) be the second derivative of -2/3*y**3 + 2*y + 0 + 0*y**2 + 1/6*y**4. Let i be a(4). Calculate the greatest common divisor of i and 32.
16
Suppose 5*v + 4*o - 64 = 3*o, -2*o = -3*v + 28. Suppose -2*p = 0, -n + 16 = 4*p - 14. What is the highest common divisor of n and v?
6
Suppose -161*l + 158*l - 540 = -5*v, 5*v - 4*l - 545 = 0. Suppose -4*q + 7*q - 126 = 0. Calculate the greatest common factor of v and q.
21
Suppose 0*b + 5*y - 30 = -b, -3*y = b - 20. Suppose -5*c + 2 = -6*c. Let h be 0/(3 + c + 0) + 5. Calculate the greatest common factor of b and h.
5
Suppose 78 = 3*p - 759. Suppose -o + p = -4*o. Let l be 36/48 - o/4. What is the greatest common factor of l and 192?
24
Let r(k) = k**2 - 2*k. Let v(i) = 5*i**2 - 1. Let g be v(1). Let y be r(g). Suppose 66*u - 2810 = -170. Calculate the highest common divisor of y and u.
8
Let l be 6/(((-24)/22)/(-6)). Suppose l = 3*n + 18. What is the highest common factor of 10 and n?
5
Suppose -23*n = -21*n - 106. Let g = n + -35. Calculate the highest common divisor of g and 36.
18
Suppose -25*c + 146 + 604 = 0. Let m(s) = s**2 + s - 7. Let q be m(-5). Let w = -3 + q. What is the highest common divisor of c and w?
10
Let f be (-12)/30 - (84/15 - 2). Let z be (1 - 3)/((-6)/(-6)) - f. What is the highest common divisor of z and 14?
2
Let a be ((-49)/(-3))/(3/9). Let v = a - 35. Calculate the greatest common divisor of 7 and v.
7
Suppose g + 4*x = 164, 2*x - 7*x + 601 = 4*g. Suppose v - 3*t - g = -v, -2 = t. Calculate the highest common divisor of 46 and v.
23
Suppose 111*d = 86*d + 4250. Calculate the highest common divisor of d and 10.
10
Let p(m) = m**2 - 12*m - 17. Let v be p(-3). Suppose -2*g - 2*b = -v, 3*b = 2*g - 0*g - 33. What is the highest common divisor of g and 6?
3
Let h be 75*((-12)/(-8))/((-60)/(-16)). Calculate the greatest common divisor of 3750 and h.
30
Let k = -1455 - -2354. What is the greatest common factor of k and 29?
29
Let o be 6/18*-80*-30. Calculate the greatest common factor of 60 and o.
20
Let k be -1 - (-16)/(-12)*-3. Let w be ((-12)/10)/((-15)/200). Suppose 2*v + 4 = w. Calculate the highest common divisor of k and v.
3
Suppose 251 = -7*i + 643. Suppose -2*d = g + d - 56, 0 = -g + d + i. Calculate the highest common divisor of g and 7.
7
Let d(v) = 109*v + 288. Let z be d(5). What is the highest common factor of z and 17?
17
Let g be -1 + 0 + (-3 - -9). Let x = g - 1. Calculate the greatest common factor of x and 20.
4
Let t(z) = 7*z**2 + 20*z - 8. Let l be t(6). What is the highest common factor of 52 and l?
52
Let h be ((-196)/(-20))/(4/20). Suppose 2*p - 28 = -v, 3*p = 3*v + 2*p - h. Calculate the highest common factor of 90 and v.
18
Let v(g) = -9*g + 195. Let s be v(-21). What is the highest common divisor of 8 and s?
8
Let p = 237 - 218. Calculate the greatest common divisor of 304 and p.
19
Suppose 5*w = -w + 2*w. Suppose 5*h - 31 - 29 = w. Let j be (5/3 - 1)*18. Calculate the highest common divisor of h and j.
12
Suppose -18*s = -21*s + 6. Let f be (165/22)/(1/s). Calculate the greatest common factor of 165 and f.
15
Suppose 0 = 3*w - o - 117 - 8, 2*o = w - 40. Calculate the highest common divisor of 2058 and w.
42
Suppose 0*x = 4*x - 4, 4*x = 4*r - 2628. What is the highest common divisor of 28 and r?
14
Suppose -6 = -x + 48. Let y = 133 - 106. Calculate the greatest common divisor of x and y.
27
Suppose 0 = -2*s - 3*p + 472, 3*s + 2*p = 562 + 136. Calculate the greatest common factor of s and 92.
46
Let a = 5 - 1. Suppose 0 = 2*y - 7*y - 5*w + 30, w = -a*y + 18. Let z = y - -25. Calculate the highest common divisor of z and 29.
29
Suppose 0 = 58*q + 2*q - 8100. What is the greatest common divisor of q and 20?
5
Let r = 4 + 4. Let x be (-24)/(-4)*2/6*4. Suppose x*y - 13*y + 40 = 0. What is the greatest common factor of r and y?
8
Suppose -852 = -4*x + 5*l, 14*l - 11*l = -12. Calculate the greatest common factor of x and 32.
16
Let t = 42 - 28. Let j be 15*2*(-5 + (-198)/(-36)) - -6. What is the greatest common divisor of j and t?
7
Let r be (-15)/(-55)*(-9724)/(-204). Let g = -130 - 193. Let w = g + 466. Calculate the greatest common factor of w and r.
13
Let l(u) = 4*u**2 + 12. Let y be l(-5). Suppose 3*p = p + y. Calculate the highest common factor of 14 and p.
14
Suppose 0 = -3*j - 39 + 237. Let y be (14/42)/(2/j). Calculate the greatest common factor of 121 and y.
11
Let m = 205 - 153. Calculate the greatest common factor of 208 and m.
52
Suppose -6*r + 10*r + 12 = 0. Let j = r - -13. What is the greatest common divisor of 10 and j?
10
Suppose g - 3*o - 30 = 0, 48 + 89 = 5*g - 2*o. What is the highest common divisor of 216 and g?
27
Suppose u + 2 = -2*b, 5*b + 2*u = -2*u - 11. Let n be b/(-1)*1*-1. Let o be 0 + n - (-63)/9. Calculate the highest common divisor of 88 and o.
8
Suppose -4*b - b = -35. Suppose 0 = 42*m - 39*m - 12. Suppose -m*u + 3*i = 7*i - 24, 33 = 5*u + 2*i. What is the greatest common divisor of b an